. Suppose -494*n = -493*n - 1. What is the greatest common factor of x and n?
1
Suppose -441 = -3*l - 3*j, -29*l + 4*j + 182 = -28*l. Let m be (-294)/(-4)*20/15. What is the greatest common factor of m and l?
14
Let a be ((228/(-9))/19)/(2/(-6)). Let n be a/(-26) - 15/(-13). What is the greatest common divisor of 97 and n?
1
Let i(b) = b**2 - 9*b + 10. Let l = 195 - 187. Let r be i(l). What is the greatest common divisor of 58 and r?
2
Let c = 6117 - 6093. Calculate the highest common factor of 4864 and c.
8
Let c be 14/(-70) + 2 + (-102)/(-10). Let z(t) = 2*t**2 - 7*t + 1. Let l be z(-5). Suppose -c*x = -13*x + l. What is the highest common divisor of 43 and x?
43
Suppose 4*k - 20 = m, 0*k + 24 = 4*k - 2*m. Let y be (k/3)/(-4) - (-7252)/21. What is the greatest common divisor of y and 15?
15
Let v(p) = 5665*p**2 + 29*p - 23. Let f be v(1). What is the greatest common factor of f and 53?
53
Let x = 163 + -165. Let f(s) = -17*s**3 - 3*s**2 - 8*s - 2. Let m be f(x). What is the greatest common factor of m and 46?
46
Let s(l) = -l**3 + 20*l**2 + 21*l + 319. Let w be s(19). Calculate the greatest common divisor of 39 and w.
13
Suppose -96282 - 61490 = -259*k + 81544. What is the highest common divisor of k and 6237?
231
Let v = -3489 - -6689. What is the greatest common factor of 25 and v?
25
Let u = -8945 - -10245. Calculate the greatest common factor of 500 and u.
100
Suppose 4*d - 121 + 141 = 0. Let f(y) = -13*y - 32. Let x be f(d). What is the greatest common divisor of x and 6?
3
Let u = 3908 + -3808. Let d = 13 + -9. Suppose d*z - 59 = 21. What is the greatest common divisor of z and u?
20
Suppose 0 = -29*s - 3*s + 60544. What is the highest common divisor of 1376 and s?
172
Suppose 69*s + 6293 = -27*s + 127*s. Calculate the highest common divisor of 77 and s.
7
Let r = -16 + 34. Let g be (108/52 - -23*(-10)/2990)*(0 + 10). What is the highest common factor of g and r?
2
Suppose z = 4*b - 208, 156 = 3*b - 105*z + 103*z. Suppose a + 540 = 5*a + 4*p, -25 = -5*p. Calculate the highest common divisor of a and b.
26
Suppose -5*a = 2*g + 436, 2*g - 3*g + 3*a = 196. Let s = g + 308. Calculate the highest common divisor of s and 40.
20
Suppose -5*x + 3*f - 14 = -7*x, 0 = 2*x - 4*f + 14. Let s be (-435)/(-18) + x/(-6). What is the greatest common factor of s and 384?
24
Let r = 16 + -14. Let z be ((-16)/(24/6))/(1 - r). Suppose 4*d + 3*h - 268 = 0, d - 4*h = -5*h + 68. Calculate the greatest common divisor of z and d.
4
Let k be ((-13072)/(-80) - 5) + (-2 - 8/(-5)). What is the greatest common divisor of k and 7979?
79
Suppose -588*x = -604*x + 144. Calculate the highest common factor of x and 1737.
9
Suppose -2304 = -57*i - 366. Calculate the highest common factor of 187 and i.
17
Let w be (2 + 59/(-2))/((-7)/462). Calculate the greatest common factor of w and 66.
33
Let t = 7891 - 5545. What is the highest common divisor of 138 and t?
138
Let s = -116 - -94. Suppose t = -b + 88, 0*b - t = -4*b + 362. Let i = b + s. Calculate the greatest common divisor of i and 17.
17
Suppose 2*h = 3*t + 36, -t - 35 = -5*h + 68. Let z = h + -26. Let o be (-4)/(12/9) - z. Calculate the highest common factor of o and 2.
2
Let p = -58 + 33. Let h(j) = -10*j - 98. Let b(z) = z + 12. Let w(x) = 18*b(x) + 2*h(x). Let m be w(p). What is the greatest common divisor of 175 and m?
35
Suppose 2236 + 11136 = 49*y + 3376. Suppose -60 = -5*q - 0*q. Calculate the greatest common divisor of y and q.
12
Let t(v) be the first derivative of -5/2*v**2 - 5/3*v**3 + 13 - 1/4*v**4 - 3*v. Let f be t(-4). What is the greatest common factor of f and 7?
1
Let g(k) be the first derivative of -12*k**2 - 31*k + 40. Let n be g(-3). Calculate the highest common factor of 369 and n.
41
Let x be 506/(-3)*1782/(-132). What is the highest common factor of 33 and x?
33
Let r = 34 - 60. Let u = 28 + r. Suppose p - f - 40 = -6*f, 44 = 2*p - u*f. What is the highest common factor of p and 200?
25
Suppose 244*c - 248*c = -16. Suppose -c*x - 60 = -4*u, 2*u = -u - x + 29. What is the greatest common divisor of u and 231?
11
Suppose -369*t + 410*t - 4797 = 0. Suppose -289 - 23 = -4*y. Calculate the greatest common divisor of t and y.
39
Let w(s) = -20*s - 2. Let r be w(-1). Let b = r - 8. Suppose -b*j + j + 225 = 0. Calculate the highest common divisor of j and 50.
25
Let w(l) = -l**3 - 37*l**2 + 38*l + 187. Let c be w(-38). What is the highest common divisor of c and 1173?
17
Let f = -367 + 370. Suppose -h + 80 = 2*d, f*d = -2*h + 222 - 67. What is the greatest common factor of 105 and h?
35
Suppose -2491 = -8*b - 75. Suppose -8*l + 4*m + b = -3*l, 258 = 4*l + 5*m. Calculate the greatest common divisor of 186 and l.
62
Let y(z) = -5*z**2 + 5*z**2 + z - 6*z**2 + 2 + 3 + 17*z**2. Let u be y(-5). Calculate the highest common divisor of u and 50.
25
Let c be ((-139)/(-3) - 10) + (-1)/3. What is the highest common divisor of 45324 and c?
36
Let v be (3/24*(-20 + 26))/(3/10092). What is the highest common divisor of v and 261?
87
Suppose -88 = -4*x + 32. Let d = x - 20. Suppose 5*l = 10, 2*r + 4*l = 9*l + 70. What is the greatest common factor of r and d?
10
Suppose 0 = 25*g - 8*g - 3672. Let l = -206 + g. Calculate the highest common divisor of l and 2.
2
Let x = 38 + -35. Suppose -3*r + x*i = -2*i - 61, 71 = 3*r + 5*i. Let s = -92 - -103. What is the highest common divisor of r and s?
11
Let s(g) = -g**2 - 23*g + 12. Let a be s(-22). Suppose t = 2*x + 24 + a, -t - x = -64. Let z = -45 + t. What is the greatest common factor of z and 85?
17
Let y(x) = 6*x**3 + 9*x**2 - 8*x + 2. Let i be y(-6). Let j = 1169 + i. What is the highest common divisor of 76 and j?
19
Let d(y) = y**3 + 11*y**2 - 27*y + 2. Let s be d(-13). Let b be -3 + (-8 - -2) + 12. What is the highest common factor of s and b?
3
Let s(y) be the third derivative of -301*y**4/24 - y**3/3 + 118*y**2 + 1. Let b be s(-1). What is the highest common factor of b and 46?
23
Let h(i) = 2*i**2 + 23*i - 4. Let p be h(-13). Let g = p + 42. Let j = g + -63. Calculate the greatest common divisor of j and 56.
14
Let l be (114 - 2)/((-84)/1092*(-1 + -1)). What is the greatest common factor of 104 and l?
104
Let o = -34 + 169. Suppose -6*i = -i - 4*z - 6, 9 = 5*i - z. Suppose -5*n = -5*s - 50, n - 5*s + i*s = 0. Calculate the highest common factor of n and o.
15
Let a be ((-19)/(-3) - (28/21 - 2)) + 3573. Calculate the greatest common divisor of a and 20.
20
Suppose 0 = 4*v - 4*j + 37 - 21, -24 = -4*j. Suppose -2*o - 10 = -7*o. Calculate the greatest common factor of o and v.
2
Suppose -5*d = 2*z - 20 + 150, -5*z + d = 271. Let u be 18/1*(-3 + z/(-15)). Suppose 0 = w - 5*w + u. Calculate the greatest common factor of 24 and w.
3
Suppose -243 = -b + 3*l, b + 82 = l + 315. Calculate the highest common divisor of 3078 and b.
114
Suppose -3*r = 5*b - 42, -8*b + 44 = -4*b + 5*r. Let g be -2 + 28/35*615/b. Calculate the greatest common factor of g and 8.
8
Let f = -22 - -131. Suppose -5*j - f - 186 = 0. Let c = 11 - j. Calculate the greatest common divisor of 28 and c.
14
Suppose 0*h + 2*h + 198 = 4*j, 0 = 2*h + 2. Let c = j - 34. Let r = c + 6. What is the greatest common divisor of 7 and r?
7
Suppose -450 = -23*x + 18*x. Let o = 516 - 498. Calculate the highest common factor of o and x.
18
Let o = 29 - 29. Suppose 3*k + o*k - 9 = 0. Suppose -k*j - 3*q + 2*q = -214, 4*j - 4*q - 296 = 0. What is the greatest common divisor of j and 24?
24
Let n(y) = -11*y - 41. Let c be n(-11). Suppose -4*m - 49 - 35 = 0. Let t = m + 31. What is the greatest common divisor of t and c?
10
Suppose 14*g - 35256 = -5296. Calculate the greatest common factor of 963 and g.
107
Let n(i) = -192*i - 131. Let j be n(-4). Calculate the highest common divisor of 117 and j.
13
Let j(o) = 31*o + 1002. Let v be j(-30). Calculate the highest common factor of 306 and v.
18
Suppose -y = -4*l - 8 + 44, 4 = 3*l + 5*y. Let g be 12/9*54/12. Suppose -g*z - 28 = -l*z. Calculate the greatest common divisor of z and 154.
14
Let w be (((-26)/65)/((-1)/(-465)))/(-2). Let y = w + -78. What is the highest common divisor of 555 and y?
15
Let d = 276 - -12. What is the greatest common divisor of 234 and d?
18
Suppose 161*f = 159*f + 4. Suppose x + f*x - m - 1758 = 0, 2325 = 4*x + 5*m. Calculate the highest common f